{"id":86,"date":"2021-01-11T09:51:29","date_gmt":"2021-01-11T07:51:29","guid":{"rendered":"http:\/\/lehvanen.fi\/?page_id=86"},"modified":"2021-02-26T10:49:57","modified_gmt":"2021-02-26T08:49:57","slug":"vuokraamo-3","status":"publish","type":"page","link":"https:\/\/lehvanen.fi\/?page_id=86","title":{"rendered":"Vuokraamo"},"content":{"rendered":"\n<p>Vuokraamme my\u00f6s per\u00e4k\u00e4rryj\u00e4.<\/p>\n\n\n\n<figure class=\"wp-block-image is-resized\"><img loading=\"lazy\" decoding=\"async\" src=\"https:\/\/www.netrauta.fi\/media\/catalog\/product\/cache\/1\/image\/9df78eab33525d08d6e5fb8d27136e95\/M\/A\/MAJM120_1_1.jpg\" alt=\"Majava Per\u00e4k\u00e4rry M 5030 LJ | Netrauta.fi\" width=\"520\" height=\"230\"\/><\/figure>\n\n\n\n<div class=\"wp-block-group\"><div class=\"wp-block-group__inner-container is-layout-flow wp-block-group-is-layout-flow\">\n<div class=\"wp-block-buttons is-layout-flex wp-block-buttons-is-layout-flex\">\n<div class=\"wp-block-button\"><a class=\"wp-block-button__link\" href=\"http:\/\/lehvanen.fi\/?page_id=30\">Vuokraa per\u00e4k\u00e4rry t\u00e4st\u00e4<\/a><\/div>\n<\/div>\n<\/div><\/div>\n\n\n\n<p><\/p>\n","protected":false},"excerpt":{"rendered":"<p>Vuokraamme my\u00f6s per\u00e4k\u00e4rryj\u00e4.<\/p>\n","protected":false},"author":1,"featured_media":0,"parent":0,"menu_order":0,"comment_status":"closed","ping_status":"closed","template":"","meta":{"ngg_post_thumbnail":0,"footnotes":""},"class_list":["post-86","page","type-page","status-publish","hentry"],"jetpack_sharing_enabled":true,"_links":{"self":[{"href":"https:\/\/lehvanen.fi\/index.php?rest_route=\/wp\/v2\/pages\/86","targetHints":{"allow":["GET"]}}],"collection":[{"href":"https:\/\/lehvanen.fi\/index.php?rest_route=\/wp\/v2\/pages"}],"about":[{"href":"https:\/\/lehvanen.fi\/index.php?rest_route=\/wp\/v2\/types\/page"}],"author":[{"embeddable":true,"href":"https:\/\/lehvanen.fi\/index.php?rest_route=\/wp\/v2\/users\/1"}],"replies":[{"embeddable":true,"href":"https:\/\/lehvanen.fi\/index.php?rest_route=%2Fwp%2Fv2%2Fcomments&post=86"}],"version-history":[{"count":4,"href":"https:\/\/lehvanen.fi\/index.php?rest_route=\/wp\/v2\/pages\/86\/revisions"}],"predecessor-version":[{"id":180,"href":"https:\/\/lehvanen.fi\/index.php?rest_route=\/wp\/v2\/pages\/86\/revisions\/180"}],"wp:attachment":[{"href":"https:\/\/lehvanen.fi\/index.php?rest_route=%2Fwp%2Fv2%2Fmedia&parent=86"}],"curies":[{"name":"wp","href":"https:\/\/api.w.org\/{rel}","templated":true}]}}